er when 363 is divided by 122.
119
Calculate the remainder when 7137 is divided by 24.
9
What is the remainder when 582 is divided by 148?
138
Calculate the remainder when 283 is divided by 131.
21
What is the remainder when 160 is divided by 54?
52
Calculate the remainder when 275 is divided by 87.
14
Calculate the remainder when 310 is divided by 8.
6
Calculate the remainder when 424 is divided by 164.
96
What is the remainder when 24864 is divided by 27?
24
What is the remainder when 289 is divided by 270?
19
What is the remainder when 293 is divided by 89?
26
What is the remainder when 218 is divided by 13?
10
Calculate the remainder when 457 is divided by 92.
89
What is the remainder when 246 is divided by 50?
46
Calculate the remainder when 93 is divided by 14.
9
Calculate the remainder when 104 is divided by 28.
20
What is the remainder when 891 is divided by 84?
51
What is the remainder when 405 is divided by 130?
15
Calculate the remainder when 58 is divided by 21.
16
What is the remainder when 259 is divided by 20?
19
What is the remainder when 13 is divided by 10?
3
What is the remainder when 89 is divided by 30?
29
What is the remainder when 126 is divided by 69?
57
What is the remainder when 1213 is divided by 174?
169
What is the remainder when 108 is divided by 77?
31
What is the remainder when 14 is divided by 8?
6
Calculate the remainder when 276 is divided by 21.
3
What is the remainder when 518 is divided by 133?
119
What is the remainder when 445 is divided by 157?
131
Calculate the remainder when 314 is divided by 45.
44
Calculate the remainder when 374 is divided by 20.
14
Calculate the remainder when 2710 is divided by 31.
13
What is the remainder when 79 is divided by 23?
10
What is the remainder when 6136 is divided by 62?
60
What is the remainder when 34 is divided by 22?
12
Calculate the remainder when 60 is divided by 10.
0
Calculate the remainder when 417 is divided by 386.
31
Calculate the remainder when 51 is divided by 14.
9
Calculate the remainder when 1075 is divided by 1027.
48
What is the remainder when 646 is divided by 12?
10
What is the remainder when 33 is divided by 27?
6
What is the remainder when 1210 is divided by 101?
99
What is the remainder when 23 is divided by 22?
1
Calculate the remainder when 343 is divided by 329.
14
Calculate the remainder when 114 is divided by 69.
45
What is the remainder when 1827 is divided by 17?
8
What is the remainder when 595 is divided by 34?
17
What is the remainder when 942 is divided by 23?
22
What is the remainder when 310 is divided by 81?
67
What is the remainder when 1793 is divided by 90?
83
Calculate the remainder when 6608 is divided by 116.
112
Calculate the remainder when 364 is divided by 129.
106
Calculate the remainder when 1409 is divided by 20.
9
What is the remainder when 16 is divided by 10?
6
Calculate the remainder when 683 is divided by 18.
17
What is the remainder when 55 is divided by 2?
1
Calculate the remainder when 154 is divided by 42.
28
What is the remainder when 141 is divided by 57?
27
Calculate the remainder when 1819 is divided by 10.
9
What is the remainder when 200 is divided by 61?
17
What is the remainder when 1062 is divided by 81?
9
What is the remainder when 216 is divided by 19?
7
Calculate the remainder when 11568 is divided by 26.
24
What is the remainder when 86 is divided by 27?
5
Calculate the remainder when 384 is divided by 130.
124
Calculate the remainder when 230 is divided by 70.
20
Calculate the remainder when 20350 is divided by 24.
22
What is the remainder when 2416 is divided by 186?
184
What is the remainder when 69 is divided by 59?
10
Calculate the remainder when 87 is divided by 28.
3
Calculate the remainder when 223 is divided by 28.
27
What is the remainder when 115 is divided by 13?
11
What is the remainder when 1542 is divided by 293?
77
Calculate the remainder when 161 is divided by 13.
5
Calculate the remainder when 85 is divided by 29.
27
What is the remainder when 264 is divided by 49?
19
Calculate the remainder when 541 is divided by 288.
253
Calculate the remainder when 203 is divided by 21.
14
Calculate the remainder when 1864 is divided by 104.
96
Calculate the remainder when 511 is divided by 62.
15
What is the remainder when 142 is divided by 42?
16
What is the remainder when 100 is divided by 21?
16
What is the remainder when 183 is divided by 55?
18
Calculate the remainder when 295 is divided by 10.
5
What is the remainder when 746 is divided by 146?
16
What is the remainder when 34 is divided by 29?
5
What is the remainder when 151 is divided by 42?
25
What is the remainder when 75 is divided by 52?
23
What is the remainder when 94 is divided by 81?
13
Calculate the remainder when 202 is divided by 6.
4
Calculate the remainder when 38 is divided by 17.
4
Calculate the remainder when 126 is divided by 64.
62
What is the remainder when 48 is divided by 10?
8
What is the remainder when 104 is divided by 14?
6
What is the remainder when 491 is divided by 133?
92
What is the remainder when 1643 is divided by 5?
3
What is the remainder when 127 is divided by 95?
32
Calculate the remainder when 16 is divided by 6.
4
What is the remainder when 700 is divided by 4?
0
What is the remainder when 5325 is divided by 1769?
18
What is the remainder when 995 is divided by 204?
179
What is the remainder when 188 is divided by 54?
26
What is the remainder when 383 is divided by 64?
63
What is the remainder when 108 is divided by 28?
24
What is the remainder when 503 is divided by 60?
23
What is the remainder when 14 is divided by 5?
4
What is the remainder when 2591 is divided by 162?
161
Calculate the remainder when 217 is divided by 44.
41
Calculate the remainder when 486 is divided by 4.
2
Calculate the remainder when 7757 is divided by 388.
385
What is the remainder when 570 is divided by 215?
140
Calculate the remainder when 7559 is divided by 6.
5
What is the remainder when 2438 is divided by 806?
20
Calculate the remainder when 682 is divided by 76.
74
What is the remainder when 621 is divided by 201?
18
What is the remainder when 172 is divided by 29?
27
Calculate the remainder when 15275 is divided by 134.
133
Calculate the remainder when 1589 is divided by 126.
77
What is the remainder when 91 is divided by 7?
0
Calculate the remainder when 3779 is divided by 122.
119
What is the remainder when 379 is divided by 163?
53
Calculate the remainder when 523 is divided by 128.
11
Calculate the remainder when 616 is divided by 514.
102
What is the remainder when 385 is divided by 19?
5
What is the remainder when 192 is divided by 3?
0
What is the remainder when 295 is divided by 91?
22
What is the remainder when 625 is divided by 8?
1
What is the remainder when 261 is divided by 40?
21
What is the remainder when 1097 is divided by 20?
17
Calculate the remainder when 116 is divided by 72.
44
Calculate the remainder when 121 is divided by 43.
35
What is the remainder when 596 is divided by 469?
127
What is the remainder when 2219 is divided by 16?
11
Calculate the remainder when 122 is divided by 24.
2
What is the remainder when 718 is divided by 51?
4
Calculate the remainder when 83 is divided by 14.
13
Calculate the remainder when 537 is divided by 107.
2
What is the remainder when 145 is divided by 18?
1
What is the remainder when 8226 is divided by 211?
208
What is the remainder when 2914 is divided by 12?
10
What is the remainder when 831 is divided by 112?
47
What is the remainder when 218 is divided by 40?
18
What is the remainder when 278 is divided by 28?
26
Calculate the remainder when 342 is divided by 67.
7
Calculate the remainder when 544 is divided by 272.
0
Calculate the remainder when 204 is divided by 9.
6
What is the remainder when 142 is divided by 49?
44
Calculate the remainder when 90 is divided by 25.
15
Calculate the remainder when 486 is divided by 104.
70
What is the remainder when 40 is divided by 21?
19
What is the remainder when 93 is divided by 25?
18
What is the remainder when 249 is divided by 37?
27
What is the remainder when 885 is divided by 111?
108
What is the remainder when 283 is divided by 24?
19
What is the remainder when 3650 is divided by 25?
0
What is the rema